ppose -a*g + 12 = g. Suppose -7 = -5*s + d, g*s + s - 2*d - 4 = 0. What is the remainder when 4 is divided by s?
0
Suppose -4*c + 191 - 489 = -5*u, 4*u - 224 = -4*c. Suppose -5*v - 352 = l, 4*l - u - 4 = v. What is the remainder when 14 is divided by v/(-9) + 6/27?
6
Suppose -4*f = -4*i + 36, 5*i - 10 = -f + 65. What is the remainder when 20 is divided by i?
6
Let q = 1 + -1. Suppose q = -2*j - 3*j - u + 170, 140 = 5*j - 5*u. What is the remainder when j is divided by 17?
16
Let n be (6 + -3)/9*6. Suppose 0 = -n*v + 6*v. Suppose 2*d + d - 54 = v. Calculate the remainder when 35 is divided by d.
17
Suppose r = 0, -g = -2*g - 3*r + 22. Let n = 4 - -60. What is the remainder when n is divided by g?
20
Let w be -7 + (2 - 0) + 0. Let h(k) = -k**3 - 4*k**2 + 4*k + 6. Calculate the remainder when (-8 + 0)/((-1)/4) is divided by h(w).
10
Suppose -12*s + 31 + 29 = 0. Calculate the remainder when 8 is divided by s.
3
Suppose -9*q + 8*q + 13 = 0. Let w = q + -1. Calculate the remainder when 33 is divided by w.
9
Let j = -15 + 5. Let y = -4 - j. What is the remainder when 10 is divided by y?
4
Let p(d) = 10*d. Calculate the remainder when (0 - -8*4) + (-80)/20 is divided by p(1).
8
Let a be (-3)/1 - (3 - 1). Let r = 9 + a. Suppose 0 = -3*n - o + 103, r*n + 4*o - o = 134. What is the remainder when n is divided by 9?
8
Suppose -2*g + 3*g = -6. Suppose -11*q + 264 = q. Calculate the remainder when q is divided by (-32)/(-5) - g/(-15).
4
Suppose 0 = b - 3. Suppose -20 = -d - 5*a, b*d + d = 3*a + 34. What is the remainder when 27 is divided by d?
7
Suppose -o + q - 6 = -q, 4*q = -4*o + 24. Calculate the remainder when 4 is divided by o.
0
Suppose 0 = -v + 13 - 5. What is the remainder when 28 is divided by v?
4
Let q = -22 - -91. Calculate the remainder when q is divided by 18.
15
Suppose 5*f - 51 = 2*f. Calculate the remainder when 47 is divided by f.
13
Let v = 6 - 3. Suppose -4*z + 3 = 11. What is the remainder when 104/12 + z/v is divided by 5?
3
Let l = 0 + -1. Calculate the remainder when 178/6 - 2/(-6) is divided by 17 + l + 0/2.
14
Let c = -42 + 105. What is the remainder when c is divided by 16?
15
Let c be -21*(-1 + 3) - -2. Let m = -27 - c. Calculate the remainder when 51 is divided by m.
12
Let q(p) = p**3 + 21*p**2 + 18*p - 26. Calculate the remainder when 55 is divided by q(-20).
13
Let l(r) = -r + 5. Calculate the remainder when 28 + -1 + 2 + -1 is divided by l(-10).
13
Suppose 16 = 4*v - 8. Suppose 2*n + 0 = 42. What is the remainder when (-3)/(-6) - n/(-2) is divided by v?
5
Let s = 11 - 3. Calculate the remainder when (7/4)/(1/8) is divided by s.
6
Let k(a) = -20*a - 5. Suppose c - 44 = 4*z, 12*z = -c + 8*z + 4. What is the remainder when k(-5) is divided by c?
23
Suppose 2*o - 4 = n - 2, n = -5*o + 19. Suppose z + 101 = 4*h, -4*z = -n*h + z + 89. Suppose -6*b + 5*b = -9. Calculate the remainder when h is divided by b.
8
Let w(l) = l**2 - 8*l - 5. Calculate the remainder when 5 is divided by w(9).
1
Suppose -3*k = -2*c + 97, 154 = 4*c + 3*k - k. Let b = 59 - c. What is the remainder when b is divided by 10?
8
Let a(y) = y**3 - y**2 + y. Let i be a(2). Suppose -u - 2*r + 6*r + i = 0, 48 = 5*u - 2*r. What is the remainder when 28 is divided by u?
8
Suppose x + 130 = 3*x. What is the remainder when x is divided by 14?
9
Let j = -8 - -18. Suppose -2*h - 2*s = -j, -h + 3*s - 4 = -25. What is the remainder when 26 is divided by h?
8
Suppose t - 4*j - 11 = 0, -4*j = -2*t + 11 + 7. Let a be (-15)/10 - 30/4. What is the remainder when (3/a)/((-3)/108) is divided by t?
5
Let q(o) = o**3 + 4*o**2 - 3*o - 4. Let t be 12 - 1/2*0. Suppose 3*b - 4*v = -t, v = -v. Calculate the remainder when 23 is divided by q(b).
7
Suppose -3*v + 3 + 19 = f, 0 = 2*f - 2*v - 12. Let b = -7 + f. Calculate the remainder when 4/2*(b + 26) is divided by 20.
18
Suppose 104 = 8*a - 4*a. Suppose -r + 39 = 2*r. Let t = a - r. Calculate the remainder when 24 is divided by t.
11
Let i(z) = z**2 + 5*z + 32. What is the remainder when 127 is divided by i(0)?
31
Let i be (2 - 3)/((-2)/8). What is the remainder when 5 is divided by 9/i - (-1)/(-4)?
1
Let k = 28 - 47. Let f = -10 - k. What is the remainder when f is divided by 6?
3
Let d = -2 - -2. Let o be (d/1)/(-1) + 3. Suppose -o*q = -7*q + 3*i + 80, 3*i - 5 = -q. Calculate the remainder when q is divided by 9.
8
Let q = 5 + -3. What is the remainder when 2 is divided by q?
0
Let p = 193 - 56. What is the remainder when p is divided by 46?
45
Suppose -5*z + 8 + 57 = 0. Let k = z + -10. What is the remainder when 4 is divided by k?
1
Let i = -9 + 22. Suppose 5*s = y - 19, -s = -5*y + 137 - 18. What is the remainder when y is divided by i?
11
Suppose -6*v - 30 = -v. Let u = 92 + v. Calculate the remainder when u is divided by 29.
28
Let x = 120 + -86. Let a = x + -10. Suppose -4*r + 4*l = 2*l - 36, 5*r - 45 = 3*l. What is the remainder when a is divided by r?
6
Let l(y) = 59*y**2. Calculate the remainder when l(-1) is divided by 15.
14
Suppose 4 - 1 = m, -m = 5*g - 18. Suppose -v + 2 + 9 = 0. What is the remainder when v is divided by g?
2
Let t(a) = 18*a - 18. What is the remainder when t(4) is divided by 28?
26
What is the remainder when (-4)/(-6) + 846/27 is divided by 9?
5
Let r = 161 - 154. Calculate the remainder when 18 is divided by r.
4
Calculate the remainder when 52 is divided by ((-23)/4)/(4/(-16)) - 0.
6
Let u(y) = -y**3 - 11*y**2 - 13*y - 14. Calculate the remainder when u(-10) is divided by 6.
4
Suppose 0 = 8*u - 5*u - 339. What is the remainder when u is divided by 29?
26
Suppose 3 + 6 = 3*t. Let k = t - -2. Let p = -1 + k. Calculate the remainder when 10 is divided by p.
2
Let y = 6 - 1. Suppose -27 = -5*v + y*s + 8, 3*v - 35 = -4*s. Let h = 9 + 8. What is the remainder when h is divided by v?
8
Suppose 3*o - 66 = -0*o. What is the remainder when (-5 - -1) + 272/4 is divided by o?
20
Suppose 61 = q - 3*x, 4*x = -5*q + 4*q + 26. Calculate the remainder when q is divided by 13.
7
Suppose -13*f = -20 - 58. Calculate the remainder when f is divided by 1.
0
Let y = -5 + 5. Suppose -8 = -g - 1. Calculate the remainder when 12 - (y/(-2))/(-3) is divided by g.
5
Let u = 51 + -32. Calculate the remainder when 56 is divided by u.
18
Let y(v) = 16*v**3 - v. Let s be y(-1). What is the remainder when 19 is divided by (14/(-6) - -2)*s?
4
Let m(c) = c**3 + 4*c**2 + 5*c - 6. Let k be m(-5). What is the remainder when (k/(-6))/((-3)/(-9)) is divided by 15?
13
Let w(c) = c**2 + 13. What is the remainder when 38 is divided by w(0)?
12
Let b(f) be the third derivative of -f**5/60 - 3*f**4/8 - f**3/3 + 2*f**2. What is the remainder when 22 is divided by b(-8)?
4
Let v(c) = -c**3 + 4*c**2 - c - 4. Let y be v(3). Let o(u) = -2 + u**2 - u + y - 2. Calculate the remainder when o(3) is divided by 2.
0
Let a be -6 - -8 - (0 - 8). Suppose k = 2*k - a. Calculate the remainder when k is divided by (7/(-4) + 1)*-8.
4
Let v = -57 - -28. Let i = v - -42. Calculate the remainder when i is divided by 8.
5
Suppose 6*m - m - 11 = 3*y, y + 1 = m. Let g = 3 - y. Suppose -16 = -g*x - 2*x. Calculate the remainder when x is divided by 5.
3
Suppose 21*j = 27*j - 150. Calculate the remainder when j is divided by 7.
4
Let r(u) = -u**2 + u. Let m be r(0). Let z be (-1 - m - -1) + 2. Suppose 68 = z*n + 2*n + 4*d, 5*n - 65 = 5*d. Calculate the remainder when 44 is divided by n.
14
Let c be (2 - -2)*3/6. Suppose d - 2 = -s - 0*d, 13 = c*s - d. Let u = s - 2. Calculate the remainder when 5 is divided by u.
2
Let l be 16*2*(3 + 3). Suppose -l = -7*i + 4*i. Calculate the remainder when i is divided by 22.
20
Let r be 92 + 1/(-2)*-4. Suppose 3*o - 80 = r. Let h(b) = -22*b - 2. What is the remainder when o is divided by h(-1)?
18
Suppose -3*o - 3 = 9. Let u(d) = -5*d - 1. Calculate the remainder when u(o) is divided by -2*(2 - (-39)/(-6) - -2).
4
Suppose 7*n = 9*n - 18. What is the remainder when 34/(-4 + 2 - -4) is divided by n?
8
Let w be (6/(-10))/(1/(-5)). Let a = w - -29. Let j = -16 + 27. Calculate the remainder when a is divided by j.
10
Suppose -4*n = -0*n + i - 64, 2*n - 2*i = 22. Let p be (1 + 0)*(155 + -2). Suppose 62 + p = 5*u. What is the remainder when u is divided by n?
13
Suppose c + 302 = 4*f, 2*c + 1 + 3 = 0. What is the remainder when (f/10)/(2/4)